{"id":10,"date":"2016-10-20T15:35:19","date_gmt":"2016-10-20T13:35:19","guid":{"rendered":"http:\/\/amakuna-saga.de\/panama-erbe\/?page_id=10"},"modified":"2016-10-20T17:59:55","modified_gmt":"2016-10-20T15:59:55","slug":"impressum","status":"publish","type":"page","link":"https:\/\/amakuna-saga.de\/panama-erbe\/impressum\/","title":{"rendered":"Impressum"},"content":{"rendered":"<p><strong>Gesetzlich vorgeschriebene Angaben \u00a7 6 TDG und \u00a710 MdStV:<\/strong><\/p>\n<p>ALYNA Verlag in der Europa Verlag GmbH &amp; Co. KG<br \/>\nB\u00fcro M\u00fcnchen: Theresienstr. 16<br \/>\n80333 M\u00fcnchen<\/p>\n<p>Registernummer: HRA 99683<br \/>\nRegistergericht: Amtsgericht M\u00fcnchen, Abteilung A<\/p>\n<p>USt-ID: DE285622000<br \/>\nGesch\u00e4ftsf\u00fchrung: Christian Strasser<\/p>\n<p>Tel. +49 (0)89 18 94 733-22<br \/>\nFax +49 (0)89 18 94 733-16<br \/>\nE-Mail: <a href=\"mailto:info@europa-verlag.com\">info@europa-verlag.com<\/a><\/p>\n<p>Web by <a href=\"http:\/\/magic-carpets.de\" target=\"_blank\">magic-carpets.de<\/a><\/p>\n<p><strong>Haftungsausschluss<\/strong><br \/>\nWir haben alle hier bereitgestellten Informationen nach bestem Wissen und Gewissen erarbeitet und gepr\u00fcft. Es kann jedoch keine Gew\u00e4hr f\u00fcr die Aktualit\u00e4t, Richtigkeit und Vollst\u00e4ndigkeit der bereit gestellten Informationen \u00fcbernommen werden.<br \/>\nTrotz sorgf\u00e4ltiger Kontrolle haben wir keinerlei Einfluss auf die Inhalte verlinkter externer Internetseiten. Daher distanzieren wir uns ausdr\u00fccklich von deren Inhalten soweit juristisch zul\u00e4ssig.<br \/>\nWir erkl\u00e4ren allerdings ausdr\u00fccklich, dass zum Zeitpunkt der Link-Setzung die entsprechenden verlinkten Seiten frei von illegalen Inhalten waren.<br \/>\nUrheberrecht<br \/>\n\u00a9 Europa Verlag GmbH &amp; Co. KG &#8211; 2012 &#8211; Alle Rechte vorbehalten.<br \/>\nSoweit nicht anders angegeben, unterliegen alle Seiten dem Urheberrecht.<br \/>\nDies gilt insbesondere f\u00fcr Texte, Bilder, Grafiken, Ton-, Video- oder Animationsdateien einschlie\u00dflich deren Anordnung auf den Web-Seiten.<br \/>\nEine Vervielf\u00e4ltigung oder Verwendung solcher Seiten (oder Teilen davon) in anderen elektronischen oder gedruckten Publikationen und deren Ver\u00f6ffentlichung (auch im Internet) ist nur nach ausdr\u00fccklicher vorheriger Genehmigung gestattet. Weiterhin k\u00f6nnen Bilder, Grafiken, Text- oder sonstige Dateien ganz oder teilweise dem Urheberrecht Dritter unterliegen.<br \/>\nAlle innerhalb des Internetangebotes genannten und ggf. durch Dritte gesch\u00fctzten Marken- und Warenzeichen unterliegen uneingeschr\u00e4nkt den Bestimmungen des jeweils g\u00fcltigen Kennzeichenrechts und den Besitzrechten der jeweiligen eingetragenen Eigent\u00fcmer.<br \/>\nAllein aufgrund der blo\u00dfen Nennung in unserem Internetangebot ist nicht der Schluss zu ziehen, dass Markenzeichen nicht durch Rechte Dritter gesch\u00fctzt sind.<\/p>\n<p><strong>Datenschutz<\/strong><br \/>\nBei jeder Anforderung einer Datei aus dem Angebot des Website werden Zugriffsdaten gespeichert.<br \/>\nJeder Datensatz besteht aus:<\/p>\n<p>der Seite, von der aus die Datei angefordert wurde (Referer)<\/p>\n<p>dem Namen der Datei<\/p>\n<p>dem Datum und Uhrzeit der Anforderung<\/p>\n<p>dem Zugriffsstatus (Datei \u00fcbertragen, Datei nicht gefunden etc.)<\/p>\n<p>einer Beschreibung des Typs des verwendeten Webbrowsers<\/p>\n<p>IP-Adresse des anfragenden Rechners<\/p>\n<p>Die gespeicherten Daten werden ausschliesslich zu statistischen Zwecken ausgewertet, eine Weitergabe an Dritte, auch in Ausz\u00fcgen, findet nicht statt.<\/p>\n<p>Alle Daten, die im Zuge der Kontaktanbahnung auf der Website eingegeben werden, werden ausschliesslich zum Zwecke der Informations\u00fcbermittlung verwendet und weder gesamt, noch in Ausz\u00fcgen, an Dritte weitergegeben. Ausserdem werden diese Daten nicht f\u00fcr unerw\u00fcnschte Werbung verwendet.<\/p>\n","protected":false},"excerpt":{"rendered":"<p>Gesetzlich vorgeschriebene Angaben \u00a7 6 TDG und \u00a710 MdStV: ALYNA Verlag in der Europa Verlag GmbH &amp; Co. KG B\u00fcro M\u00fcnchen: Theresienstr. 16 80333 M\u00fcnchen Registernummer: HRA 99683 Registergericht: Amtsgericht M\u00fcnchen, Abteilung A USt-ID: DE285622000 Gesch\u00e4ftsf\u00fchrung: Christian Strasser Tel. +49 (0)89 18 94 733-22 Fax +49 (0)89 18 94 733-16 E-Mail: info@europa-verlag.com Web by magic-carpets.de &hellip; <\/p>\n<p class=\"link-more\"><a href=\"https:\/\/amakuna-saga.de\/panama-erbe\/impressum\/\" class=\"more-link\">Continue reading<span class=\"screen-reader-text\"> &#8222;Impressum&#8220;<\/span><\/a><\/p>\n","protected":false},"author":1,"featured_media":0,"parent":0,"menu_order":0,"comment_status":"closed","ping_status":"closed","template":"content-page-impressum.php","meta":{"_acf_changed":false,"sfsi_plus_gutenberg_text_before_share":"","sfsi_plus_gutenberg_show_text_before_share":"","sfsi_plus_gutenberg_icon_type":"","sfsi_plus_gutenberg_icon_alignemt":"","sfsi_plus_gutenburg_max_per_row":"","footnotes":""},"class_list":["post-10","page","type-page","status-publish","hentry","entry"],"acf":[],"_links":{"self":[{"href":"https:\/\/amakuna-saga.de\/panama-erbe\/wp-json\/wp\/v2\/pages\/10","targetHints":{"allow":["GET"]}}],"collection":[{"href":"https:\/\/amakuna-saga.de\/panama-erbe\/wp-json\/wp\/v2\/pages"}],"about":[{"href":"https:\/\/amakuna-saga.de\/panama-erbe\/wp-json\/wp\/v2\/types\/page"}],"author":[{"embeddable":true,"href":"https:\/\/amakuna-saga.de\/panama-erbe\/wp-json\/wp\/v2\/users\/1"}],"replies":[{"embeddable":true,"href":"https:\/\/amakuna-saga.de\/panama-erbe\/wp-json\/wp\/v2\/comments?post=10"}],"version-history":[{"count":0,"href":"https:\/\/amakuna-saga.de\/panama-erbe\/wp-json\/wp\/v2\/pages\/10\/revisions"}],"wp:attachment":[{"href":"https:\/\/amakuna-saga.de\/panama-erbe\/wp-json\/wp\/v2\/media?parent=10"}],"curies":[{"name":"wp","href":"https:\/\/api.w.org\/{rel}","templated":true}]}}